661. Is h a composite number?
False
Suppose -3*x - 2*c + 390691 = -3*c, -260442 = -2*x - 4*c. Is x composite?
True
Suppose -w + 4*v - 16 = -5*w, 0 = -3*v + 6. Suppose 0*k + k + w = -3*n, -n + 6 = 2*k. Suppose -k*f - 499 - 1833 = -4*u, 0 = -f. Is u composite?
True
Let c(m) = 66*m**2 - 529*m - 37. Is c(40) a prime number?
False
Suppose -3*o + 2*u + 347833 = 0, 0*o - 4*u + 347875 = 3*o. Is o composite?
True
Suppose 0 = 23*k + 11*b - 6*b - 5697894, 5*b = 4*k - 990897. Is k prime?
False
Is 2925981/76 - 25/(-20) composite?
False
Let m be (-1)/(16162/(-2020) - -8). Suppose -9*r + m + 26143 = 0. Is r a prime number?
False
Let y(o) = o**3 + 2*o**2 - 8*o - 9. Let i be y(-3). Suppose 13707 = -9*h + 12*h. Suppose 0 = i*v - h + 471. Is v a composite number?
False
Let z = 47038 - -44901. Is z a prime number?
True
Suppose 5*q = 9*q + 60. Let v = -4 + q. Let n(f) = f**2 + 3*f - 11. Is n(v) a prime number?
True
Suppose 0 = -9*d + 134618 - 53285. Suppose 0 = -5*f + 2*a + 11904 + d, -16745 = -4*f - a. Is f a prime number?
False
Suppose -3*j + 536277 = 3*v, 0 = -421*j + 416*j + 4*v + 893795. Is j prime?
False
Is ((-665156)/3)/(712/(-534)) a composite number?
False
Suppose -14*f = -9*f - f. Suppose f*q - 2*q + 640 = 0. Let u = -227 + q. Is u a composite number?
True
Let f be ((-12)/(-10))/((-3)/(-11980) - 0). Suppose 8*s - 6*s - 2*m = f, -5*s = 2*m - 11973. Is s composite?
True
Let o(w) = w**3 + 2*w**2 - w - 1. Let a(t) = 14*t**3 - 7*t**2 - 9*t - 19. Let n(k) = -a(k) - 2*o(k). Is n(-2) prime?
True
Suppose 0 = -159*i + 4508707 + 4075226. Is i a prime number?
True
Suppose 50 + 25 = 5*o. Let x(t) = 31*t**2 + 34*t - 52. Is x(o) prime?
True
Suppose -160*p - 2*z - 116548 = -164*p, -z + 29137 = p. Is p a composite number?
False
Let t(c) = c**2 + 10*c - 9. Let a be (-798)/(-10) - (-11)/55. Suppose -10*x - 80 - a = 0. Is t(x) prime?
False
Let t be (4 + -30268)/(-12)*1. Suppose -8 = -4*o + 40. Suppose o*f - 10*f = t. Is f a prime number?
False
Let u(i) be the third derivative of 13*i**5/30 - 7*i**4/24 + 8*i**3/3 - 7*i**2. Is u(-5) composite?
False
Suppose 16*l + 938268 - 3050652 = 0. Is ((-2)/(-3))/(8/l) prime?
False
Suppose -4*m - 3*u - 4999 = 0, 2*m + 2*u = 7*m + 6220. Let d = -506 - m. Let h = 1119 - d. Is h composite?
False
Suppose -24 = -a + 5*q, 0 = -5*a - 2*q - 2*q + 4. Suppose -3*d + a*w + 8501 = 0, -2*d = 2*d - 5*w - 11333. Is d a prime number?
False
Suppose -1743188 = -5*y + 53697. Is y composite?
False
Suppose 4*n - 16*g - 76629 = -11*g, -2*g - 76614 = -4*n. Is n a composite number?
True
Let q be -2 + (-2 - -1) + -2. Let g(d) = -19*d - 5. Let r be g(q). Let a = r + -35. Is a composite?
True
Let b(m) = 1275*m**3 + 7*m**2 + 36*m - 177. Is b(8) composite?
True
Let r = 52 - 49. Suppose r*k = 5*y - 31 - 43, -y + 5*k + 6 = 0. Is y/(-48) - (6172/3)/(-4) a composite number?
True
Let v(w) = -26585*w + 84. Is v(-1) a composite number?
False
Is ((-18161415)/(-324))/(10/8) prime?
True
Let q = 49 - 78. Let y = q + 31. Suppose y*v - 5*k - 6463 = -10*k, -v = -5*k - 3224. Is v prime?
True
Let x(m) = -4*m - 41. Let n be x(-11). Suppose 3*s = 5*a - 15644, -915 = 4*a + n*s - 13414. Is a a composite number?
True
Let n = 188633 + 123674. Is n a composite number?
True
Let d = 576075 + -11552. Is d composite?
False
Is 3/(-15*21/(-24696315)) prime?
False
Let y(x) = 4*x - 41. Let w be y(11). Let k = 1158 - 689. Suppose 0 = -3*t - 0*t - w*c + 1407, k = t - 3*c. Is t composite?
True
Suppose 4*j - 123208 = i, 0*j + i - 92413 = -3*j. Is j prime?
True
Let a(g) = -g**3 - 21*g**2 + g + 18. Let c be a(-21). Let u(f) = -4125*f - 22. Is u(c) a composite number?
True
Let l(c) be the third derivative of -625*c**4/24 - 17*c**3/6 - c**2. Let w be 210/(-15) - (-10)/1. Is l(w) a composite number?
True
Suppose 45 = z + 5*a, 53 = 4*z - 5*a - 2. Let r = z - -18. Let l = r + 249. Is l a prime number?
False
Suppose -3*v = 2*x - 2 - 0, 0 = 2*x + 4*v. Suppose 2*s = x*n - 1518, n - s = -2*s + 378. Is n a prime number?
True
Suppose 39*k - 3061640 = -27*k - 287594. Is k composite?
True
Suppose -u - 10 = -6*u. Suppose o - 8 = -d, 6 = d + 3*o + u. Suppose d*g - 226 = 8*g. Is g prime?
True
Let o(h) = 3*h**3 - 24*h**2 + 22*h + 5. Is o(36) composite?
False
Let b be 1/(-7)*124*84/(-24). Suppose -b*l + 57*l + 4535 = 0. Is l a composite number?
False
Suppose 2*d = 2*p + 4, -5*d + 2*d - 2*p + 16 = 0. Suppose d*n - 260 = -0*n. Suppose -n = -b + 1700. Is b a prime number?
False
Is (270/75)/(16/605180) - 6/(-4) prime?
False
Suppose 0 = 2*t - 15 + 11. Let p be 3214/t + 38 + -41. Suppose -46*w + p = -42*w. Is w a composite number?
False
Let f be ((-1920)/150)/((-2)/335). Suppose 2*s - 10 = -0, a - 3*s = f. Is a composite?
True
Suppose 0 = -4*y - 5*o + 57, -y + o - 5 + 8 = 0. Let q(m) = -11 + 12*m - 8 + 1 - m**2. Is q(y) a composite number?
True
Let b be 27/(-6)*(-2 + (-8)/(-6)). Suppose -3*c + g = -16, -g - b = -4*c + 18. Suppose -506 = -c*m + 39. Is m a composite number?
False
Let v(u) be the third derivative of u**4/24 - u**3 - 13*u**2. Let k be v(-5). Is (-2)/11 + (-4281)/k a composite number?
False
Suppose -2*f = 4*o - 3*o - 10, -2*o + 10 = 2*f. Suppose -3*y + b + 1226 = o, -4*y + 6*y + 4*b - 822 = 0. Is y a prime number?
True
Suppose 0 = -87*j + 112*j - 3200. Let u(t) = -70*t + 4. Let q be u(-3). Let z = q - j. Is z prime?
False
Let d(u) = 197*u + 155065. Is d(0) a composite number?
True
Suppose 28519*g - 28517*g = 2482214. Is g prime?
False
Let b be 2/9 - (-23590)/(-45). Let w = b + 1377. Is w + 1 + -4 + 3 prime?
True
Suppose 5*c - 581660 = -5*y, 5*y - 581633 = 23*c - 19*c. Is y a prime number?
True
Suppose -v = 62*m - 66*m + 34, -34 = -3*m + 5*v. Suppose 0 = -2*s - 4*b + 218, -3*s = -m*s + b + 512. Is s composite?
False
Let j = -153 - -157. Let g(r) = 13*r**3 - 7*r - 7. Is g(j) prime?
True
Is ((7 + (-290)/40)*6)/(12/(-6248680)) prime?
False
Suppose 21 = r + 5*d, 0*r + 2*d + 2 = -3*r. Let z be r/(-24) - (-19317)/(-18). Let s = 1536 - z. Is s composite?
False
Let l(z) = 32*z**2 - 4*z + 25 - 6*z**2 + 19*z**2 + 12*z**2. Is l(14) a composite number?
True
Let m(l) = -12528*l + 3679. Is m(-15) a prime number?
True
Let k(p) = 1061*p**2 - 4*p - 4. Let t(l) = l + 1. Let f(b) = k(b) + 3*t(b). Let y = -41 - -40. Is f(y) composite?
False
Let u(v) = v**3 - 5*v**2 - 14*v - 3. Let y be u(7). Let t(k) = -2 - 4 - 224*k + 5 + 2. Is t(y) a prime number?
True
Suppose 0 = -o - 18 + 20, 0 = 4*m - 2*o - 422752. Is m a composite number?
True
Let i be 3/(2/8 + 10/56). Suppose -i*l - 20 = -12*l. Suppose -l*k - 132 = -11744. Is k composite?
False
Is -10 + 5267088/(2 + 14) composite?
True
Suppose 3*s + 2*y + 74 = 0, y + 121 = -26*s + 21*s. Is ((-1277)/1)/(((-40)/s)/(-5)) a composite number?
True
Suppose -r + 103 = 2*h, -2*r + 2*h = -4*r + 214. Suppose -7*x - 6 = -r. Suppose -22*y + x*y = -10297. Is y a composite number?
False
Suppose 0 = 4*b - 5*p - 185832, -8*p = 4*b - 6*p - 185832. Suppose -8244 + b = 18*k. Is k a prime number?
False
Suppose -90*n + 80*n + 6717490 = 0. Is n composite?
True
Let k = 274 + -282. Let s(a) = -4*a**3 - 4*a**2 + 15*a + 19. Is s(k) a composite number?
True
Suppose 6*b - 10*b = 16. Let u(t) be the first derivative of -33*t**2 - 2*t + 1. Is u(b) composite?
True
Suppose 23 = 3*j + x + 5, -13 = -2*j - x. Suppose -5*u + 0*u + 2*l + 8570 = 0, -j*u + 8585 = -5*l. Suppose -r = 4*a - 5487, a = 2*r + u - 329. Is a composite?
False
Let a = 76074 - 27231. Suppose 4*f - a = -5*l, 7*l = 3*l + 4*f + 39060. Is l prime?
True
Is 2/((6/22683)/((-594)/(-54))) a composite number?
True
Let r = -470 + 1014. Let s = 2763 + r. Is s a composite number?
False
Let x(a) = 5566*a + 3095. Is x(35) a prime number?
False
Let g(s) be the first derivative of -s**4/4 - 7*s**3/3 + 11*s**2/2 - 20*s + 17. Let l be g(-9). Let h = -6 + l. Is h a composite number?
False
Let x = 9761 + 28868. Is x prime?
True
Let b = -4183 - 1041. Let q = -2922 - b. Is q composite?
True
Let o(p) = 3*p + 29. Let w be o(-8). Suppose 4*y = w*n + 10893, 4*n + 2470 + 256 = y. Is y composite?
True
Suppose 15*k + 121 - 1246 = 0. Suppose r - 818 = 2*q + 3*r, 0 = -4*q - 3*r - 1637. Let i = k - q. Is i a composite number?
True
Let g(u) = -2*u**3 + 95*u**2 + 22*u + 24. Let k(c) = -c**3 + 62*c**2 + 15*c + 16. Let z(t) = -5*g(t) + 8*k(t). Suppose 36 = -4*o - 0*o. Is z(o) a prime number?
